 is the thousands digit of 505777?
5
What is the millions digit of 1082527?
1
What is the millions digit of 9387062?
9
What is the tens digit of 951606?
0
What is the hundreds digit of 1293633?
6
What is the tens digit of 350562?
6
What is the hundreds digit of 678831?
8
What is the hundred thousands digit of 5441623?
4
What is the units digit of 205800?
0
What is the units digit of 462539?
9
What is the units digit of 358098?
8
What is the millions digit of 5309299?
5
What is the units digit of 539412?
2
What is the hundreds digit of 343828?
8
What is the thousands digit of 7831?
7
What is the ten thousands digit of 1854217?
5
What is the hundreds digit of 1030495?
4
What is the thousands digit of 912977?
2
What is the tens digit of 276556?
5
What is the hundreds digit of 3064931?
9
What is the units digit of 524104?
4
What is the tens digit of 4286957?
5
What is the hundred thousands digit of 170826?
1
What is the thousands digit of 487245?
7
What is the hundreds digit of 56728?
7
What is the tens digit of 337374?
7
What is the ten thousands digit of 156541?
5
What is the thousands digit of 1370078?
0
What is the units digit of 6466906?
6
What is the hundred thousands digit of 228734?
2
What is the hundred thousands digit of 357168?
3
What is the ten thousands digit of 6861092?
6
What is the ten thousands digit of 826824?
2
What is the tens digit of 1319518?
1
What is the ten thousands digit of 1293239?
9
What is the thousands digit of 291564?
1
What is the units digit of 672515?
5
What is the units digit of 26590?
0
What is the units digit of 730?
0
What is the thousands digit of 353030?
3
What is the hundred thousands digit of 4863700?
8
What is the ten thousands digit of 505753?
0
What is the units digit of 56893?
3
What is the millions digit of 3412210?
3
What is the tens digit of 12130677?
7
What is the ten thousands digit of 4773550?
7
What is the hundred thousands digit of 3443519?
4
What is the thousands digit of 443814?
3
What is the units digit of 70967?
7
What is the millions digit of 13180757?
3
What is the units digit of 2128979?
9
What is the hundred thousands digit of 5728953?
7
What is the ten thousands digit of 536986?
3
What is the hundreds digit of 6414036?
0
What is the ten thousands digit of 788743?
8
What is the thousands digit of 3588937?
8
What is the thousands digit of 201029?
1
What is the hundred thousands digit of 443776?
4
What is the ten thousands digit of 8211840?
1
What is the units digit of 1922572?
2
What is the units digit of 622499?
9
What is the hundred thousands digit of 269435?
2
What is the tens digit of 151429?
2
What is the units digit of 98859?
9
What is the hundred thousands digit of 4255536?
2
What is the thousands digit of 16252673?
2
What is the ten thousands digit of 13026460?
2
What is the ten thousands digit of 19698636?
9
What is the thousands digit of 8959614?
9
What is the units digit of 697254?
4
What is the ten thousands digit of 403534?
0
What is the hundreds digit of 552165?
1
What is the tens digit of 112895?
9
What is the tens digit of 2581082?
8
What is the thousands digit of 7230403?
0
What is the ten thousands digit of 45562?
4
What is the ten thousands digit of 2959624?
5
What is the thousands digit of 16986662?
6
What is the hundred thousands digit of 14434228?
4
What is the hundreds digit of 6491970?
9
What is the millions digit of 3169209?
3
What is the hundred thousands digit of 291075?
2
What is the hundred thousands digit of 471999?
4
What is the hundreds digit of 3913109?
1
What is the tens digit of 303316?
1
What is the thousands digit of 2282520?
2
What is the hundreds digit of 2993192?
1
What is the hundreds digit of 320878?
8
What is the tens digit of 93836?
3
What is the hundred thousands digit of 185944?
1
What is the thousands digit of 1952779?
2
What is the thousands digit of 5488144?
8
What is the millions digit of 5739675?
5
What is the hundred thousands digit of 34488966?
4
What is the thousands digit of 2217474?
7
What is the ten millions digit of 23013415?
2
What is the hundred thousands digit of 14264116?
2
What is the units digit of 312768?
8
What is the ten thousands digit of 141781?
4
What is the ten thousands digit of 54493?
5
What is the hundreds digit of 5980986?
9
What is the tens digit of 1833477?
7
What is the hundreds digit of 2906169?
1
What is the tens digit of 92526?
2
What is the tens digit of 31863489?
8
What is the thousands digit of 1424307?
4
What is the tens digit of 5380628?
2
What is the thousands digit of 17283130?
3
What is the units digit of 1075033?
3
What is the tens digit of 25549?
4
What is the tens digit of 534293?
9
What is the hundreds digit of 97805?
8
What is the ten thousands digit of 10256941?
5
What is the hundreds digit of 720852?
8
What is the ten thousands digit of 15767531?
6
What is the tens digit of 1117004?
0
What is the hundred thousands digit of 690706?
6
What is the hundred thousands digit of 2452618?
4
What is the millions digit of 6515943?
6
What is the hundred thousands digit of 417131?
4
What is the hundreds digit of 349436?
4
What is the hundred thousands digit of 8256438?
2
What is the units digit of 1260360?
0
What is the thousands digit of 2642524?
2
What is the tens digit of 601722?
2
What is the hundreds digit of 759860?
8
What is the hundred thousands digit of 13441794?
4
What is the tens digit of 331792?
9
What is the hundred thousands digit of 1867760?
8
What is the tens digit of 2098909?
0
What is the millions digit of 1284066?
1
What is the hundreds digit of 6086199?
1
What is the hundred thousands digit of 308274?
3
What is the units digit of 17587804?
4
What is the hundreds digit of 114121?
1
What is the thousands digit of 7817415?
7
What is the thousands digit of 829062?
9
What is the tens digit of 17468818?
1
What is the hundreds digit of 526727?
7
What is the hundred thousands digit of 2829242?
8
What is the hundreds digit of 214215?
2
What is the millions digit of 1433062?
1
What is the hundred thousands digit of 938335?
9
What is the tens digit of 149406?
0
What is the ten thousands digit of 26715?
2
What is the units digit of 13662?
2
What is the hundreds digit of 460813?
8
What is the ten thousands digit of 10164003?
6
What is the hundreds digit of 121478?
4
What is the hundreds digit of 439349?
3
What is the units digit of 10128236?
6
What is the hundred thousands digit of 202803?
2
What is the ten thousands digit of 20492948?
9
What is the thousands digit of 17631?
7
What is the ten thousands digit of 58164?
5
What is the ten thousands digit of 235223?
3
What is the thousands digit of 401419?
1
What is the hundreds digit of 933543?
5
What is the thousands digit of 13636230?
6
What is the hundreds digit of 436411?
4
What is the millions digit of 28126084?
8
What is the hundreds digit of 1343817?
8
What is the ten thousands digit of 327481?
2
What is the ten thousands digit of 720953?
2
What is the thousands digit of 9265857?
5
What is the units digit of 1595672?
2
What is the units digit of 696533?
3
What is the tens digit of 250962?
6
What is the ten thousands digit of 5358793?
5
What is the units digit of 61031?
1
What is the millions digit of 33751760?
3
What is the tens digit of 104298?
9
What is the tens digit of 1302116?
1
What is the ten thousands digit of 34378924?
7
What is the hundreds digit of 784736?
7
What is the ten thousands digit of 28791702?
9
What is the hundred thousands digit of 14209143?
2
What is the hundreds digit of 73534?
5
What is the ten thousands digit of 898394?
9
What is the tens digit of 839117?
1
What is the thousands digit of 104331?
4
What is the tens digit of 36995427?
2
What is the hundred thousands digit of 142194?
1
What is the tens digit of 742566?
6
What is the millions digit of 4419390?
4
What is the tens digit of 675544?
4
What is the tens digit of 452200?
0
What is the ten millions digit of 13475595?
1
What is the hundreds digit of 228813?
8
What is the hundred thousands digit of 498791?
4
What is the tens digit of 631123?
2
What is the millions digit of 6729968?
6
What is the hundreds digit of 9894705?
7
What is the units digit of 943603?
3
What is the thousands digit of 13124276?
4
What is the hundreds digit of 7919024?
0
What is the thousa